{"id":1046,"date":"2025-03-15T20:04:40","date_gmt":"2025-03-15T19:04:40","guid":{"rendered":"https:\/\/unita-angola.co.ao\/terrangolana\/?page_id=1046"},"modified":"2025-03-17T14:32:24","modified_gmt":"2025-03-17T13:32:24","slug":"ex-candidato-as-eleicoes-presidenciais-de-mocambique-defende-processo-contra-estado-angolano","status":"publish","type":"page","link":"https:\/\/unita-angola.co.ao\/terrangolana\/ex-candidato-as-eleicoes-presidenciais-de-mocambique-defende-processo-contra-estado-angolano\/","title":{"rendered":"Ex-Candidato \u00e0s elei\u00e7\u00f5es presidenciais de Mo\u00e7ambique defende processo contra estado angolano"},"content":{"rendered":"<p>Ven\u00e2ncio Mondlane defendeu nesta sexta-feira, 14 de Mar\u00e7o de 2025, em live na sua p\u00e1gina oficial, a abertura de um processo crime contra o governo angolano por viola\u00e7\u00e3o das leis internas e internacionais no dia 13 de Mar\u00e7o do corrente ano na sequ\u00eancia da deten\u00e7\u00e3o e impedimentos de v\u00e1rias entidades internacionais a entrar em Angola.<\/p>\n<p>O tamb\u00e9m ex-candidato \u00e0s elei\u00e7\u00f5es presidenciais em Mo\u00e7ambique que foi um dos oradores \u00e0 confer\u00eancia internacional promovida pela UNITA e a organiza\u00e7\u00e3o Ben Trust Foundation, conjuntamente a Konrad Adenauer e a IDC, para a celebra\u00e7\u00e3o da festa dos 59 anos da funda\u00e7\u00e3o da UNITA, em Benguela, ficou detido por 7 horas no Aeroporto Internacional 4 de Fevereiro, incluindo o ex-Presidente da Col\u00f4mbia, Andr\u00e9s Pastrana, e o Presidente do Botswana, Ian Khama e posteriormente recusado a entrar no pa\u00eds, a semelhan\u00e7a do senador Keniano que tamb\u00e9m foi negada a entrada.<\/p>\n<p>Na live o pol\u00edtico mo\u00e7ambicano recomenda \u00e0 UNITA, a toda delega\u00e7\u00e3o presente em Angola, as organiza\u00e7\u00f5es da SADC, dos direitos humanos, dos advogados da SADC e da \u00c1frica Austral a processarem o estado angolano, refor\u00e7ando que, o estado angolano tem que ser processado.<\/p>\n<p>Para Ven\u00e2ncio Mondlane, \u201cisto n\u00e3o pode continuar desta forma\u201d, disse Mondlane considerado a situa\u00e7\u00e3o ser pior ainda, quando o Presidente Jo\u00e3o Louren\u00e7o nesta altura est\u00e1 a assumir a responsabilidade, o cargo ou a fun\u00e7\u00e3o de Presidente da Uni\u00e3o Africano.<\/p>\n<p>Ven\u00e2ncio Mondlane disse que, n\u00e3o houve procedimentos preenchidos, dentro da lei, que se diga que preencheram requisitos para se deportar algu\u00e9m, disse pol\u00edtico, acrescentando o que aconteceu, foi uma irregularidade ao mais alto n\u00edvel.<\/p>\n<p>\u201cPortanto, n\u00e3o foi nada feito segundo a lei; foi a viola\u00e7\u00e3o da pr\u00f3pria lei angolana. At\u00e9 hoje n\u00e3o sabemos o que \u00e9 que fundamenta a recusa. N\u00e3o est\u00e1 claro\u201d, afirmou Ven\u00e2ncio Mondelane, considerando a postura como sendo perigoso para Angola, por compreender que existe os acordos migrat\u00f3rios bilaterais entre Mo\u00e7ambique e Angola, como \u00e9 que \u00e9 feita a sa\u00edda e entrada dos cidad\u00e3os de um pa\u00eds para o outro.<\/p>\n<p>\u201cExiste acordos migrat\u00f3rios da SADC, para todos os pa\u00edses da SADC, que tamb\u00e9m foram violados\u201d.<\/p>\n<p>Ven\u00e2ncio Mondlane, defende tamb\u00e9m que, o dia 13 de Mar\u00e7o devia ser decretado como o dia da vergonha p\u00fablica em Angola.<\/p>\n","protected":false},"excerpt":{"rendered":"<p>Ven\u00e2ncio Mondlane defendeu nesta sexta-feira, 14 de Mar\u00e7o de 2025, em live na sua p\u00e1gina oficial, a abertura de um processo crime contra o governo angolano por viola\u00e7\u00e3o das leis internas e internacionais no dia 13 de Mar\u00e7o do corrente ano na sequ\u00eancia da deten\u00e7\u00e3o e impedimentos de v\u00e1rias entidades internacionais a entrar em Angola. [&hellip;]<\/p>\n","protected":false},"author":4,"featured_media":1064,"parent":0,"menu_order":0,"comment_status":"closed","ping_status":"closed","template":"","meta":{"nf_dc_page":"","om_disable_all_campaigns":false,"pagelayer_contact_templates":[],"_pagelayer_content":"","footnotes":""},"class_list":["post-1046","page","type-page","status-publish","has-post-thumbnail","hentry"],"blog_post_layout_featured_media_urls":{"thumbnail":["https:\/\/i0.wp.com\/unita-angola.co.ao\/terrangolana\/wp-content\/uploads\/2025\/03\/Ex-Candidato-mocambicano-as-Eleicoes-Presidenciais-Venancio-Mondlane.png?resize=150%2C150&ssl=1",150,150,true],"full":["https:\/\/i0.wp.com\/unita-angola.co.ao\/terrangolana\/wp-content\/uploads\/2025\/03\/Ex-Candidato-mocambicano-as-Eleicoes-Presidenciais-Venancio-Mondlane.png?fit=2048%2C1536&ssl=1",2048,1536,false]},"categories_names":null,"comments_number":"0","wpmagazine_modules_lite_featured_media_urls":{"thumbnail":["https:\/\/i0.wp.com\/unita-angola.co.ao\/terrangolana\/wp-content\/uploads\/2025\/03\/Ex-Candidato-mocambicano-as-Eleicoes-Presidenciais-Venancio-Mondlane.png?resize=150%2C150&ssl=1",150,150,true],"cvmm-medium":["https:\/\/i0.wp.com\/unita-angola.co.ao\/terrangolana\/wp-content\/uploads\/2025\/03\/Ex-Candidato-mocambicano-as-Eleicoes-Presidenciais-Venancio-Mondlane.png?resize=300%2C300&ssl=1",300,300,true],"cvmm-medium-plus":["https:\/\/i0.wp.com\/unita-angola.co.ao\/terrangolana\/wp-content\/uploads\/2025\/03\/Ex-Candidato-mocambicano-as-Eleicoes-Presidenciais-Venancio-Mondlane.png?resize=305%2C207&ssl=1",305,207,true],"cvmm-portrait":["https:\/\/i0.wp.com\/unita-angola.co.ao\/terrangolana\/wp-content\/uploads\/2025\/03\/Ex-Candidato-mocambicano-as-Eleicoes-Presidenciais-Venancio-Mondlane.png?resize=400%2C600&ssl=1",400,600,true],"cvmm-medium-square":["https:\/\/i0.wp.com\/unita-angola.co.ao\/terrangolana\/wp-content\/uploads\/2025\/03\/Ex-Candidato-mocambicano-as-Eleicoes-Presidenciais-Venancio-Mondlane.png?resize=600%2C600&ssl=1",600,600,true],"cvmm-large":["https:\/\/i0.wp.com\/unita-angola.co.ao\/terrangolana\/wp-content\/uploads\/2025\/03\/Ex-Candidato-mocambicano-as-Eleicoes-Presidenciais-Venancio-Mondlane.png?resize=1024%2C1024&ssl=1",1024,1024,true],"cvmm-small":["https:\/\/i0.wp.com\/unita-angola.co.ao\/terrangolana\/wp-content\/uploads\/2025\/03\/Ex-Candidato-mocambicano-as-Eleicoes-Presidenciais-Venancio-Mondlane.png?resize=130%2C95&ssl=1",130,95,true],"full":["https:\/\/i0.wp.com\/unita-angola.co.ao\/terrangolana\/wp-content\/uploads\/2025\/03\/Ex-Candidato-mocambicano-as-Eleicoes-Presidenciais-Venancio-Mondlane.png?fit=2048%2C1536&ssl=1",2048,1536,false]},"jetpack_sharing_enabled":true,"_links":{"self":[{"href":"https:\/\/unita-angola.co.ao\/terrangolana\/wp-json\/wp\/v2\/pages\/1046","targetHints":{"allow":["GET"]}}],"collection":[{"href":"https:\/\/unita-angola.co.ao\/terrangolana\/wp-json\/wp\/v2\/pages"}],"about":[{"href":"https:\/\/unita-angola.co.ao\/terrangolana\/wp-json\/wp\/v2\/types\/page"}],"author":[{"embeddable":true,"href":"https:\/\/unita-angola.co.ao\/terrangolana\/wp-json\/wp\/v2\/users\/4"}],"replies":[{"embeddable":true,"href":"https:\/\/unita-angola.co.ao\/terrangolana\/wp-json\/wp\/v2\/comments?post=1046"}],"version-history":[{"count":1,"href":"https:\/\/unita-angola.co.ao\/terrangolana\/wp-json\/wp\/v2\/pages\/1046\/revisions"}],"predecessor-version":[{"id":1048,"href":"https:\/\/unita-angola.co.ao\/terrangolana\/wp-json\/wp\/v2\/pages\/1046\/revisions\/1048"}],"wp:featuredmedia":[{"embeddable":true,"href":"https:\/\/unita-angola.co.ao\/terrangolana\/wp-json\/wp\/v2\/media\/1064"}],"wp:attachment":[{"href":"https:\/\/unita-angola.co.ao\/terrangolana\/wp-json\/wp\/v2\/media?parent=1046"}],"curies":[{"name":"wp","href":"https:\/\/api.w.org\/{rel}","templated":true}]}}